 Let v be r(-4). Let i be (3/(-1) - -20) + v. Calculate the greatest common divisor of 40 and i.
20
Let s = -6 + 11. Suppose 10*o = s*o + 20. Suppose 110 = 3*j - 4*r, -2*r - o = -3*r. Calculate the greatest common divisor of j and 6.
6
Suppose -33 = -x - 4*x + 2*j, j + 29 = 5*x. Let q = 29 - x. Calculate the greatest common factor of 60 and q.
12
Let n(c) = c**3 + 10*c**2 + 19*c - 8. Let g be n(-6). What is the greatest common factor of 88 and g?
22
Suppose -12 = -3*j, -3*x - j = 3*j - 49. Calculate the greatest common divisor of 88 and x.
11
Let g(c) = 2*c**2 + 7*c + 6. Let d be g(-4). Let b(j) = j + 10. Let l be b(0). What is the greatest common divisor of d and l?
10
Let c = 162 - 90. What is the highest common divisor of c and 18?
18
Let x = -67 - -100. Let n = 22 + -11. What is the greatest common divisor of x and n?
11
Let d(g) = 2*g**2 + 11*g + 4. Let y be d(-8). Suppose 4*o = -4*w + y, -2*w - 33 = -3*o - 0*w. Calculate the greatest common factor of o and 33.
11
Let s be 4/5*-1*(-945)/14. What is the highest common divisor of 6 and s?
6
Let f be (-1 - 0)*2 + 4. Suppose -3*w + 0 + 5 = t, 0 = w + f*t. Suppose 5*y = 2*l + 110, -2*l + 50 = w*y - 8. What is the greatest common divisor of 6 and y?
6
Let p = 6 - -3. Let s be p/(-12) + 105/12. Calculate the highest common factor of 4 and s.
4
Let q be 15/(-10)*8*-2. Let g(a) = 2*a**2 + a - 3. Let t be g(-3). What is the greatest common factor of t and q?
12
Let j = 241 - 105. What is the greatest common divisor of j and 17?
17
Let c = -30 - -44. What is the greatest common factor of c and 2?
2
Let p(a) = a**2 + 2*a + 6. Let h be 2 + (-8 - (-4)/2). Let o be p(h). Let j = -57 - -127. What is the highest common divisor of j and o?
14
Let c be ((-21)/(-4))/(4/(384/9)). Calculate the greatest common divisor of c and 7.
7
Suppose -2*x - 33 + 87 = 0. Suppose -881 = -3*s + 2*a, 0 = -6*s + 8*s - 5*a - 569. Calculate the highest common divisor of x and s.
27
Suppose -2*b + 58 = 2*c, 4*c - 80 = -3*b + 8. Calculate the greatest common factor of b and 42.
14
Let i(v) = -4*v**3 + 4*v**2 + 3*v. Let a(y) = y**3 - 4*y**2 - 7*y + 7. Let n be a(5). Let f be i(n). What is the greatest common factor of f and 27?
27
Let v be 2/(-8) + (-450)/(-8). Suppose -5*l - 3*t = -295, -l + 2*l = -3*t + 71. Suppose 0*u + 4*u - l = 0. What is the highest common divisor of v and u?
14
Suppose 5*u - 15 = 2*b, -6 - 1 = -2*u + b. Suppose v - 5 + u = 0. Suppose 0 = -l + 2, -2*w = -w + l - 14. Calculate the highest common divisor of w and v.
4
Let b be 4*45/(-6)*-1. What is the greatest common factor of b and 12?
6
Let a(n) = n**2 + 3*n + 3. Let o be a(-2). Let s(h) = 10*h**3 - h. Let y be s(o). Calculate the greatest common divisor of 9 and y.
9
Let c = 182 + -166. Calculate the highest common factor of c and 112.
16
Let j = -16 - -23. Suppose v = -v + 16. Let a be 4/v*(72 + -2). What is the greatest common divisor of a and j?
7
Suppose -h + z + 3 = 0, h + 3*z - 3 = -0*h. Let x = h - -2. What is the highest common divisor of 5 and x?
5
Suppose -526 = -5*x + 34. What is the highest common factor of x and 16?
16
Let d(a) = 925*a + 1. Let y be d(1). Let h be y/6 - 1/3. Let g be (7/(-2))/(3/(-12)). What is the highest common factor of g and h?
14
Suppose 5*j - 27 = 43. Suppose -3*q - 2*i = 2*i - 67, 0 = -q + 2*i + 19. Calculate the highest common factor of j and q.
7
Let w(a) = 19*a. Let y be w(-6). Let f = -7 - -4. Let c be 1/(f*2/y). Calculate the greatest common factor of c and 76.
19
Let q be 3*(-3)/((-36)/(-16)). Let f be 3 + -11*(3 + q). Calculate the highest common factor of f and 126.
14
Let k(w) = -w**3 - 8*w**2 + 8*w - 5. Let u be k(-9). What is the highest common factor of 6 and u?
2
Suppose -w - 165 = -4*g - g, 5*g - 140 = -4*w. Calculate the greatest common factor of 64 and g.
32
Let j = 7 - 5. Suppose -5*x - j = -7. Suppose 1 = -m + 6. Calculate the greatest common factor of m and x.
1
Let f(v) = v + 5. Let x be f(-5). Suppose -3*c = -l + 5*l - 132, 4*c + 66 = 2*l. Suppose x + l = j. What is the greatest common divisor of 22 and j?
11
Let k = 86 + -160. Let l = -34 - k. Let r be 58/7 + 6/(-21). Calculate the greatest common divisor of l and r.
8
Suppose 27 = 4*k - 73. Calculate the greatest common factor of 5 and k.
5
Let z be 0 - (2 + -3)*1. Suppose -g + 16 - z = 0. Calculate the highest common factor of 6 and g.
3
Suppose 2*a - 16 - 10 = 0. Let q = 234 - 117. What is the highest common divisor of a and q?
13
Suppose -4*i = 3*c - 154, 0*i + i = -3*c + 160. Calculate the greatest common divisor of 18 and c.
18
Let b = 2 - -9. Suppose 0 = 4*g - i - 12 - 9, 4*g - b = -i. Calculate the greatest common factor of 6 and g.
2
Suppose -4*i = 3*n - 27, -5*n = 2*i - 8*n - 9. Let v(y) = y**2 + 10*y - 2. Let a be v(-11). Calculate the greatest common divisor of i and a.
3
Suppose -2*b + 3 + 1 = 0, -2*q + 4 = -2*b. Suppose -3*p = -q*t + 8, -t - 5*p = -14 - 11. Calculate the greatest common factor of 55 and t.
5
Let w(m) = 25*m. Let d be w(2). Calculate the greatest common divisor of 25 and d.
25
Suppose 13 = 2*r - 5*f, -2*f + 3 = 3*r - 4*f. Let z be r + 4 + (-90)/(-10). Let l = -57 - -105. Calculate the greatest common factor of l and z.
12
Let i be ((-16)/6)/(2/(-63)). Let y = 11 + -7. Suppose o = -y*o + 70. What is the highest common divisor of i and o?
14
Suppose -h = x - 85, 3*x = -3*h + x + 256. Calculate the greatest common divisor of h and 43.
43
Let k = 1422 + -799. Suppose 52 + k = 5*a. What is the greatest common divisor of a and 15?
15
Let t(w) = 9*w**2 - 41*w - 8. Let k(o) = 5*o**2 - 21*o - 4. Let c(d) = -11*k(d) + 6*t(d). Let m be c(-13). What is the greatest common factor of m and 22?
22
Suppose -3*m + 160 = -2*h, 2*m + 4*h + 1 - 81 = 0. Let v = 146 - m. Calculate the greatest common divisor of 12 and v.
12
Let x = 24 + 36. Let z = -9 + 4. Let s(w) = -w**2 - 6*w + 7. Let y be s(z). Calculate the highest common divisor of y and x.
12
Suppose 3*m - 176 = 5*m. Suppose -5*g - 660 = -g. Let w = m - g. Calculate the highest common divisor of 11 and w.
11
Let z(j) = 4*j**2 - 16. Let m be z(-3). What is the highest common factor of 20 and m?
20
Suppose 5*d - 3*d - 76 = 0. Suppose -2*h = 3*b - 23, -8*h - b = -3*h - d. Calculate the greatest common divisor of 56 and h.
7
Let c(x) = -x**3 - 2*x**2 + x - 4. Let a be c(-3). Suppose 17 - 8 = 3*l. Calculate the highest common factor of a and l.
1
Let y = 3 - 6. Let g(o) = 8*o**2 + 3*o + 1. Let p be g(y). Calculate the greatest common factor of p and 8.
8
Let g be (-272)/(-4)*2/4. What is the greatest common divisor of 68 and g?
34
Suppose 6*b - 8*b + 132 = 0. What is the greatest common divisor of b and 33?
33
Suppose -5*x - 5 = -20. What is the highest common divisor of 1 and x?
1
Let m(i) = -i**3 + i**2 + 2*i + 16. Let u be m(0). Calculate the greatest common factor of 176 and u.
16
Let l(k) = 32*k - 1. Let j be l(2). Let h be (-1 + 3 - 30/12)*-14. Calculate the highest common divisor of j and h.
7
Suppose -62 = -5*c - 17. Suppose -3*a = -c - 6. What is the highest common factor of 1 and a?
1
Let u = 46 + -1. Suppose -2*x + 4*k = 28, 3*k = 13 + 2. Let v(d) = -d + 1. Let y be v(x). Calculate the greatest common factor of u and y.
5
Suppose 0*i = i - 16. Calculate the greatest common divisor of i and 64.
16
Suppose -4*c = -t + 123, c + 2*c = -4*t + 549. Calculate the highest common factor of t and 15.
15
Let x(h) = 4*h**3 + 2*h**2 + h + 1. Let l be x(-2). Let f = -8 - l. Calculate the highest common factor of f and 68.
17
Let k be 3/(9/6)*459/34. Calculate the highest common divisor of k and 6.
3
Suppose 2*f - 5*f = -615. Suppose -4*k = -155 - f. Suppose -4*i = -57 + 17. What is the greatest common factor of k and i?
10
Let j be (-1)/((-3)/(-30)*-2). Suppose -6 = -j*x + 24. Calculate the greatest common divisor of 30 and x.
6
Let y(m) = 28*m - 5. Let l be y(8). Suppose -3*k = -4*t + l, 0 = 4*t - 7*t + 4*k + 166. Calculate the greatest common divisor of t and 6.
6
Let x be (5/(-10))/((-2)/156). What is the highest common factor of x and 26?
13
Let t be 2/(8/156) + -1. What is the highest common factor of 57 and t?
19
Let z = 116 - 59. Calculate the highest common divisor of 38 and z.
19
Suppose 5*j = z + 2*z + 136, 2*j + 3*z - 67 = 0. What is the highest common factor of 29 and j?
29
